se 3, what is -100020101220102020 - 0?
-100020101220102020
In base 5, what is -2131433444 + -12?
-2131434011
In base 4, what is -3000200333220 - -100?
-3000200333120
In base 6, what is -2110 + 3112535?
3110425
In base 3, what is -11 + -10111101201022?
-10111101201110
In base 5, what is -1110 - -224023412?
224022302
In base 8, what is 5764563 - 4?
5764557
In base 4, what is 1123000033 + 111?
1123000210
In base 3, what is 11 + 202022021202121101?
202022021202121112
In base 11, what is -1205578043 + 1?
-1205578042
In base 3, what is -10122 - -101021000220?
101020220021
In base 13, what is -14a7a0c8 + 3?
-14a7a0c5
In base 8, what is -4641 + 725010?
720147
In base 11, what is -65922412 + 2?
-65922410
In base 5, what is -1011 + 13133304?
13132243
In base 3, what is 21022112212211 + 12?
21022112220000
In base 3, what is -220121121 + -1220001?
-222111122
In base 10, what is 17 + 15139345?
15139362
In base 6, what is 5 - 512225050?
-512225041
In base 16, what is 1fc3 + 2?
1fc5
In base 12, what is 9bb731 + -8?
9bb725
In base 12, what is -358 + 55776?
5541a
In base 7, what is 2313304 - -11526?
2325133
In base 11, what is 144 - -254a6?
2563a
In base 9, what is 5385 - 20187?
-13702
In base 2, what is -10100101001000101100110110 - -1?
-10100101001000101100110101
In base 6, what is 231145 - 3235?
223510
In base 8, what is 23526511 - -5?
23526516
In base 6, what is -220230 - 1510?
-222140
In base 9, what is -28577 - 2265?
-31853
In base 2, what is 1011100010010 - 1100111011?
1001111010111
In base 10, what is -4 + 35520196?
35520192
In base 14, what is -4636 - 194?
-47ca
In base 14, what is -12 - 97857?
-97869
In base 11, what is 1272156a + -4?
12721566
In base 16, what is 7 + 181f76?
181f7d
In base 2, what is 1 - 10000001100110001101000100100?
-10000001100110001101000100011
In base 13, what is 889909 - 1?
889908
In base 3, what is 1 + 222002102120211?
222002102120212
In base 14, what is 5 - -1655ca9?
1655cb0
In base 11, what is -1657448 + -4?
-1657451
In base 6, what is -3 - -40552332312?
40552332305
In base 16, what is -b + 48095f?
480954
In base 10, what is 0 - -20659443?
20659443
In base 8, what is -4 + 41203724?
41203720
In base 13, what is -278c539 - 12?
-278c54b
In base 5, what is 144142 - 10211?
133431
In base 4, what is -1013 + 1033111230321?
1033111223302
In base 2, what is 10011011110111101000 + -1111010?
10011011110101101110
In base 16, what is ae516 + -11?
ae505
In base 16, what is 1447 + -4d?
13fa
In base 5, what is 11134303 - 202?
11134101
In base 12, what is -11 + -1128778?
-1128789
In base 2, what is -10000101101101101111011101 - -11?
-10000101101101101111011010
In base 4, what is 230222112230 - -2?
230222112232
In base 4, what is 11 - -303020300202?
303020300213
In base 8, what is 10552 - 111154?
-100402
In base 16, what is 1be22e - -37?
1be265
In base 5, what is -1100102 - -1024?
-1044023
In base 3, what is -10 - 1220000221210?
-1220000221220
In base 8, what is 1 + 176612?
176613
In base 2, what is -10 - 100100011110010010001101001?
-100100011110010010001101011
In base 3, what is 10 + -2001210120010?
-2001210120000
In base 6, what is 2 - -50405223?
50405225
In base 12, what is 20 - -18998a4?
1899904
In base 9, what is -2482 - -711?
-1671
In base 13, what is 136 + 6a34?
6b6a
In base 9, what is 8103533 - -1?
8103534
In base 8, what is 21723 + 3037?
24762
In base 6, what is -3000 + -4240220?
-4243220
In base 10, what is 36 - -2688146?
2688182
In base 10, what is -6372 - 190?
-6562
In base 10, what is 873 - 50068?
-49195
In base 10, what is 60213800 + -2?
60213798
In base 10, what is -1612 - -5981?
4369
In base 14, what is 4 - 1604023?
-160401d
In base 15, what is 1 - 18231d91?
-18231d90
In base 10, what is 0 - -1763355?
1763355
In base 10, what is -10709 + 1508?
-9201
In base 12, what is 10 + 217b5b?
217b6b
In base 2, what is -1001101011100100110 - -110001?
-1001101011011110101
In base 13, what is -2599 - -285a?
291
In base 13, what is -74025 + 7?
-7401b
In base 8, what is -23151235 + -161?
-23151416
In base 6, what is -4 + -55205203?
-55205211
In base 3, what is 2 - -1122211120220121?
1122211120220200
In base 5, what is 3 + 42322320?
42322323
In base 3, what is 110100122 + -1121221002?
-1011120110
In base 6, what is 103033022 + -111?
103032511
In base 12, what is 6ab30b7 + 3?
6ab30ba
In base 11, what is aa386 - -2091?
101467
In base 5, what is 1 + -34004302?
-34004301
In base 13, what is -4 + 52cacaa?
52caca6
In base 13, what is -2a - -92027?
91cca
In base 14, what is -852c + 3d59?
-45b3
In base 10, what is -6716657 - -100?
-6716557
In base 6, what is 2 + 321544501?
321544503
In base 3, what is -1 - 21002221121201?
-21002221121202
In base 16, what is 2 - 2d53a7d?
-2d53a7b
In base 11, what is 1 + 115361794?
115361795
In base 13, what is 1 + 1876a87?
1876a88
In base 6, what is 2032 + 234103?
240135
In base 16, what is 8396 + -176?
8220
In base 9, what is 36711081 + 1?
36711082
In base 10, what is 8214 - 445?
7769
In base 12, what is 17536 - -221?
17757
In base 2, what is 10001000000100111 - -100011010?
10001000101000001
In base 9, what is 0 + -8600356?
-8600356
In base 8, what is 2712557176 - 1?
2712557175
In base 4, what is -232130 - -3230220?
2332030
In base 3, what is 122110000122102 - -201?
122110000200010
In base 2, what is -110 + -101100101011?
-101100110001
In base 16, what is 5152e + 3c?
5156a
In base 6, what is 5 + -32511330203?
-32511330154
In base 16, what is -1f731f + -4?
-1f7323
In base 10, what is 256186638 - 5?
256186633
In base 4, what is -111022332 - -201?
-111022131
In base 2, what is 101011011000010000110111 + 110010?
101011011000010001101001
In base 5, what is 112402 + 141100?
304002
In base 12, what is -2050b + -491?
-209a0
In base 2, what is -110000110011011110010010001 + 1?
-110000110011011110010010000
In base 12, what is 14 + -419901?
-4198a9
In base 9, what is 0 - -503752584?
503752584
In base 7, what is -424311 - -132?
-424146
In base 5, what is -11102114141 - 4?
-11102114200
In base 10, what is 6 + -1565222?
-1565216
In base 16, what is -2595b + 52?
-25909
In base 10, what is 5 - 32702?
-32697
In base 10, what is -1287 + 2225?
938
In base 14, what is -33 - -4d5381?
4d534c
In base 7, what is -1550241 - -25441?
-1521500
In base 16, what is 41 - 3519c9?
-351988
In base 11, what is 9 + -417676?
-417668
In base 15, what is 79ab0d + -7?
79ab06
In base 5, what is 44332411133 + 21?
44332411204
In base 3, what is -100 - 200211102120221?
-200211102121021
In base 12, what is 493225b8 + 5?
49322601
In base 8, what is -16 - -2160724?
2160706
In base 9, what is -13278672 - 3?
-13278675
In base 12, what is 4 + -2a3519a?
-2a35196
In base 4, what is -23033203012 + 3?
-23033203003
In base 2, what is -100100010001110111001000101 - 100?
-100100010001110111001001001
In base 6, what is 2312 - 10334?
-4022
In base 10, what is 882028 + 6?
882034
In base 7, what is 103 + 1426230?
1426333
In base 9, what is 1314427 + -6?
1314421
In base 9, what is 541376 - 14?
541362
In base 10, what is 0 - -17469423?
17469423
In base 6, what is 125532 + -155?
125333
In base 9, what is 332645872 - -2?
332645874
In base 12, what is -1a66130 - -10?
-1a66120
In base 3, what is 112020002 - -11000?
112101002
In base 14, what is -71bcc + -123?
-71d11
In base 15, what is 377 - -287c?
2c04
In base 8, what is -20 + -532?
-552
In base 4, what is -200200 - -1021022?
220222
In base 5, what is 10102 - 221341020?
-221330413
In base 4, what is 10210230 + 3021?
10213311
In base 11, what is 519a8962 - 3?
519a895a
In base 11, what is -1587653 - -3?
-1587650
In base 14, what is -1 - 33d537?
-33d538
In base 14, what is -1163c65 + 2?
-1163c63
In base 12, what is 484930 - -3b?
48496b
In base 12, what is -46219 - -a1?
-46138
In base 5, what is 144433 - -1443?
201431
In base 8, what is -120 + 25450?
25330
In base 13, what is 1c9 - 9597a?
-95781
In base 3, what is 101001220002110000 - -2?
101001220002110002
In base 7, what is 0 + -10432425?
-10432425
In base 8, what is -11 - -4713043?
4713032
In base 3, what is -121000201021 + 10112?
-121000120202
In base 3, what is -1111111 + -22020020?
-100201201
In base 9, what is -231 - 1006132?
-1006363
In base 8, what is 47026 + -155750?
-106722
In base 14, what is -9408 - 382?
-978a
In base 12, what is -6113810 + 0?
-6113810
In base 3, what